{"id":329,"date":"2019-05-25T10:25:05","date_gmt":"2019-05-25T08:25:05","guid":{"rendered":"http:\/\/www.bosarpasjon.se\/?page_id=329"},"modified":"2026-04-17T05:54:33","modified_gmt":"2026-04-17T03:54:33","slug":"fiskeregler","status":"publish","type":"page","link":"https:\/\/www.bosarpasjon.se\/?page_id=329","title":{"rendered":"Fiskekort\/fiskeregler"},"content":{"rendered":"\n<p>Syftet med fiskev\u00e5rdsomr\u00e5det \u00e4r att v\u00e5rda fisket i sj\u00f6n via ett h\u00e5llbart anv\u00e4ndande av dess resurser. Ett begr\u00e4nsat antal fiskekort s\u00e4ljs till allm\u00e4nheten.<\/p>\n\n\n\n<p>F\u00f6r <strong>del\u00e4gare\/medlem i<\/strong> Bosarpasj\u00f6n g\u00e4ller, efter att \u00e5rsavgiften inbetalts, att:<\/p>\n\n\n\n<p><strong>Rekommenderat \u00e4r att all rovfisk \u00e5teruts\u00e4tts<\/strong><\/p>\n\n\n\n<p>Fredningstid f\u00f6r g\u00e4dda och g\u00f6s g\u00e4ller under Mars &#8211; Maj<\/p>\n\n\n\n<p>Vid stuguthyrning g\u00e4ller samma regler som vid k\u00f6p av fiskekort<\/p>\n\n\n\n<p>Fiske f\u00e5r bedrivas med mete, flug- och spinnfiske och isfiske med handredskap.&nbsp;<\/p>\n\n\n\n<p>Varje fiskare f\u00e5r endast fiska med ett sp\u00f6, undantag karpmetare.&nbsp;<\/p>\n\n\n\n<p>G\u00e4dda \u00f6ver 75 cm och g\u00f6s under 50 cm&nbsp;skall&nbsp;\u00e5teruts\u00e4ttas.<\/p>\n\n\n\n<p>Antalet f\u00e5ngade fiskar (G\u00e4dda, G\u00f6s och Aborre) begr\u00e4nsas till tre per medlem och dag.<\/p>\n\n\n\n<p>Medlemmars b\u00e5tar skall vara m\u00e4rkta med fastighetsbeteckning.<\/p>\n\n\n\n<p>G\u00e4ster fiskar endast i medlems s\u00e4llskap<\/p>\n\n\n\n<p>F\u00f6r <strong>dags-fiskekort <\/strong> (200 SEK) <strong>g\u00e4ller catch-and-release, d.v.s. att all rovfisk ska \u00e5teruts\u00e4ttas.<\/strong><\/p>\n\n\n\n<p>Ungdom upp till 15 \u00e5r fiskar gratis i vuxens s\u00e4llskap.<\/p>\n\n\n\n<p>F\u00f6r samtliga g\u00e4ller att det inte \u00e4r till\u00e5tet att s\u00e4lja f\u00e5ngad fisk, kr\u00e4ftfiske \u00e4r inte till\u00e5tet ej heller b\u00e5tmotorer som drivs med diesel eller bensin.&nbsp;<\/p>\n\n\n\n<p>Fiskekort s\u00e4ljs av Lasse T\u00f6nning p\u00e5 Sj\u00f6rupsg\u00e5rden och sker genom kontantbetalning eller swish i (endast sek:-)<\/p>\n","protected":false},"excerpt":{"rendered":"<p>Syftet med fiskev\u00e5rdsomr\u00e5det \u00e4r att v\u00e5rda fisket i sj\u00f6n via ett h\u00e5llbart anv\u00e4ndande av dess resurser. Ett begr\u00e4nsat antal fiskekort s\u00e4ljs till allm\u00e4nheten. F\u00f6r del\u00e4gare\/medlem i Bosarpasj\u00f6n g\u00e4ller, efter att \u00e5rsavgiften inbetalts, att: Rekommenderat \u00e4r att all rovfisk \u00e5teruts\u00e4tts Fredningstid &hellip; <a href=\"https:\/\/www.bosarpasjon.se\/?page_id=329\">Forts\u00e4tt l\u00e4sa <span class=\"meta-nav\">&rarr;<\/span><\/a><\/p>\n","protected":false},"author":4,"featured_media":0,"parent":0,"menu_order":0,"comment_status":"closed","ping_status":"closed","template":"","meta":{"footnotes":""},"class_list":["post-329","page","type-page","status-publish","hentry"],"_links":{"self":[{"href":"https:\/\/www.bosarpasjon.se\/index.php?rest_route=\/wp\/v2\/pages\/329","targetHints":{"allow":["GET"]}}],"collection":[{"href":"https:\/\/www.bosarpasjon.se\/index.php?rest_route=\/wp\/v2\/pages"}],"about":[{"href":"https:\/\/www.bosarpasjon.se\/index.php?rest_route=\/wp\/v2\/types\/page"}],"author":[{"embeddable":true,"href":"https:\/\/www.bosarpasjon.se\/index.php?rest_route=\/wp\/v2\/users\/4"}],"replies":[{"embeddable":true,"href":"https:\/\/www.bosarpasjon.se\/index.php?rest_route=%2Fwp%2Fv2%2Fcomments&post=329"}],"version-history":[{"count":13,"href":"https:\/\/www.bosarpasjon.se\/index.php?rest_route=\/wp\/v2\/pages\/329\/revisions"}],"predecessor-version":[{"id":617,"href":"https:\/\/www.bosarpasjon.se\/index.php?rest_route=\/wp\/v2\/pages\/329\/revisions\/617"}],"wp:attachment":[{"href":"https:\/\/www.bosarpasjon.se\/index.php?rest_route=%2Fwp%2Fv2%2Fmedia&parent=329"}],"curies":[{"name":"wp","href":"https:\/\/api.w.org\/{rel}","templated":true}]}}